{"id":8369,"date":"2023-12-07T13:03:11","date_gmt":"2023-12-07T17:03:11","guid":{"rendered":"https:\/\/vtaplus.com.ve\/?product=cinta-de-luces-led-rgb-de-5-mt"},"modified":"2025-04-25T17:20:23","modified_gmt":"2025-04-25T21:20:23","slug":"cinta-de-luces-led-rgb-de-5-mt","status":"publish","type":"product","link":"https:\/\/vtaplus.com.ve\/?product=cinta-de-luces-led-rgb-de-5-mt","title":{"rendered":"Cinta LED inteligente RGB (5mts)"},"content":{"rendered":"<p>Haz tu hogar inteligente y de mil colores con esta cinta de luces LED RGB. Enciende, apaga o crea rutinas de encendido desde tu celular y en tiempo real desde la App VTA+. El dise\u00f1o y tama\u00f1o es 5 metros para que la coloques donde quieras, f\u00e1cil instalaci\u00f3n y configuraci\u00f3n. Adem\u00e1s, es compatible con asistentes de voz Google Home y Alexa.<\/p>\n<p>Contenido del empaque:<br \/>\n\u2022 Cinta de Luces LED de 5 metros.<br \/>\n\u2022 Adaptador de voltaje<br \/>\n\u2022 Control remoto<\/p>\n","protected":false},"excerpt":{"rendered":"<p>Cinta De Luces Led RGB De 5 mt<\/p>\n","protected":false},"featured_media":8492,"comment_status":"closed","ping_status":"closed","template":"","meta":{"om_disable_all_campaigns":false,"_uf_show_specific_survey":0,"_uf_disable_surveys":false},"product_cat":[148,149,74,150,146],"product_tag":[119,121,104,120],"class_list":{"0":"post-8369","1":"product","2":"type-product","3":"status-publish","4":"has-post-thumbnail","6":"product_cat-confort","7":"product_cat-hogar","8":"product_cat-iluminacion","9":"product_cat-oficina","10":"product_cat-todos","11":"product_tag-cinta-de-luces","12":"product_tag-control-remoto","13":"product_tag-iluminacion","14":"product_tag-led-rgb","16":"first","17":"instock","18":"taxable","19":"shipping-taxable","20":"purchasable","21":"product-type-simple"},"acf":[],"aioseo_notices":[],"_links":{"self":[{"href":"https:\/\/vtaplus.com.ve\/index.php?rest_route=\/wp\/v2\/product\/8369","targetHints":{"allow":["GET"]}}],"collection":[{"href":"https:\/\/vtaplus.com.ve\/index.php?rest_route=\/wp\/v2\/product"}],"about":[{"href":"https:\/\/vtaplus.com.ve\/index.php?rest_route=\/wp\/v2\/types\/product"}],"replies":[{"embeddable":true,"href":"https:\/\/vtaplus.com.ve\/index.php?rest_route=%2Fwp%2Fv2%2Fcomments&post=8369"}],"version-history":[{"count":5,"href":"https:\/\/vtaplus.com.ve\/index.php?rest_route=\/wp\/v2\/product\/8369\/revisions"}],"predecessor-version":[{"id":8972,"href":"https:\/\/vtaplus.com.ve\/index.php?rest_route=\/wp\/v2\/product\/8369\/revisions\/8972"}],"wp:featuredmedia":[{"embeddable":true,"href":"https:\/\/vtaplus.com.ve\/index.php?rest_route=\/wp\/v2\/media\/8492"}],"wp:attachment":[{"href":"https:\/\/vtaplus.com.ve\/index.php?rest_route=%2Fwp%2Fv2%2Fmedia&parent=8369"}],"wp:term":[{"taxonomy":"product_cat","embeddable":true,"href":"https:\/\/vtaplus.com.ve\/index.php?rest_route=%2Fwp%2Fv2%2Fproduct_cat&post=8369"},{"taxonomy":"product_tag","embeddable":true,"href":"https:\/\/vtaplus.com.ve\/index.php?rest_route=%2Fwp%2Fv2%2Fproduct_tag&post=8369"}],"curies":[{"name":"wp","href":"https:\/\/api.w.org\/{rel}","templated":true}]}}